 factors of a(s).
2, 3, 7
Let v(j) = 6*j**3 - j**2 + 5*j - 5. Let o be v(1). Suppose -o*s + 668 + 1407 = 0. What are the prime factors of s?
5, 83
Let v(c) be the second derivative of 0 + 5/3*c**3 + 1/6*c**4 + 0*c**2 + 12*c. What are the prime factors of v(-6)?
2, 3
Let g(f) = -77*f + 55336. What are the prime factors of g(0)?
2, 6917
Let o(z) = -3*z**3 + 2*z + 3. Let k = 16 - 10. Suppose 0 = -7*i + 4*i - k. List the prime factors of o(i).
23
Let w = -4988 + 11136. What are the prime factors of w?
2, 29, 53
Let l(u) = u**2 - 27*u + 12. Let c be l(14). Let q be c/5*(-5)/(-10). List the prime factors of (-4 - (-1 + -2))/(-1) - q.
2, 3
Let z = -11697 - -41713. List the prime factors of z.
2, 7, 67
Suppose 0 = 2*t - 2*a + 4*a, t + 2*a + 3 = 0. Suppose p + t*p - 132 = 0. What are the prime factors of ((-266)/8 + p/22)*-8?
2, 127
Let v = -100592 - -143574. List the prime factors of v.
2, 21491
What are the prime factors of (-2)/30 + (-18 - 2887963/(-195))?
2, 43
What are the prime factors of (2 - (-525)/12)*(41 + 7)?
2, 3, 61
Let c(g) = 0*g**2 + 4*g**2 + 181 - 20 - 23*g - 3*g**2. List the prime factors of c(14).
5, 7
Let n = 898 + 111. Suppose -10*q - n = 71. List the prime factors of 6*4/q + (-1262)/(-9).
2, 5, 7
Suppose -11*m = 3 - 36. Suppose -2*n - n = 5*g - 1766, -m*g = n - 1058. List the prime factors of g.
2, 11
Suppose 6*c - 170 = -104. Let l(y) = 84*y - 166. List the prime factors of l(c).
2, 379
Suppose -81*m + 76*m + 8346 = 2*s, s = 4*m - 6682. What are the prime factors of m?
2, 5, 167
Let i = 104 - 111. What are the prime factors of 6*1/21 + (-740)/i?
2, 53
Let l = 18 + -192. Let w = 110 + l. Let t = w - -116. List the prime factors of t.
2, 13
Let m = -27560 - -42430. What are the prime factors of m?
2, 5, 1487
Let v(g) = 7*g - 4. Let h be v(1). Let z = h - 0. Suppose -4*s - z*l + 4*l + 47 = 0, -4*s + 43 = -5*l. List the prime factors of s.
2, 3
Suppose 229706 - 675606 = -46*u - 24*u. What are the prime factors of u?
2, 5, 7, 13
Suppose 38*v - 35*v - o = 158561, 2*v - 4*o = 105734. What are the prime factors of v?
3, 79, 223
Let l = 21 - 22. Let m(x) = x**3 + x**2 - x + 1. Let o(u) = -6*u**3 + 2*u**2 - u - 1. Let f(h) = l*o(h) - 2*m(h). List the prime factors of f(2).
3, 7
Suppose 119*m - 131*m = -109620. What are the prime factors of m?
3, 5, 7, 29
Let d = 5216 + -3556. Let c = -835 + d. What are the prime factors of c?
3, 5, 11
What are the prime factors of -14961*(10/(-7) + ((-18)/(-21))/2)?
3, 4987
Let i(r) be the first derivative of 31*r**3/3 - r**2 - 7*r + 22. Let v be i(-2). Suppose 2*k - 5*k = -4*d + v, 2*k - 10 = 0. List the prime factors of d.
2, 17
Suppose 3*r = -4*k + 16, -2*r = k - 0*k - 4. Let h(f) be the first derivative of -f**3/3 - f**2/2 + 73*f + 3537. List the prime factors of h(r).
73
Suppose 0 = 13*t - 7*t. Suppose 10*q - 22 - 8 = t. Suppose 3*v + h - 5*h - 29 = 0, -v - q*h + 1 = 0. What are the prime factors of v?
7
Suppose -a = -5*b + 32778, -19*a + 14*a - 15 = 0. What are the prime factors of b?
3, 5, 19, 23
Let s(i) = 751*i**3 + 6*i**2 - 46*i + 143. List the prime factors of s(3).
2, 31, 41
Let s be (-1 + -132)/((-8)/776). Suppose -1094 = -15*b + s. What are the prime factors of b?
3, 311
Let q be ((-22815)/(-20) - -4) + (-10)/(-8). Suppose 2*m = 5*p + 247 - q, -p + 185 = -3*m. List the prime factors of p.
179
Let r = -4352 + 10560. List the prime factors of r.
2, 97
Let p = -122 - -127. Let t be (-4)/((-12)/345) + 0. Suppose t = p*w - 305. What are the prime factors of w?
2, 3, 7
Suppose 12*m + 42 = 5*m. Let k be -4 + (-30)/(m/2). Suppose 3*i - 5*d = -k, -2*i + 3*d - 5 = -2. What are the prime factors of i?
3
What are the prime factors of ((-3)/(-7) - 135/70)*250596/(-54)?
6961
Let u(k) = -k**2 - 16*k - 19. Let f be u(-15). Let l be (-6)/f*2 - 14. Let p = 53 - l. List the prime factors of p.
2
Let f = 19873 + -10317. List the prime factors of f.
2, 2389
Suppose -8947242 = -323*o + 3856801. List the prime factors of o.
7, 809
Let k(m) = -m**3 + 22*m**2 + 22*m - 4. Let x be k(16). Let n = x + -732. List the prime factors of n/84 - (-4)/14.
2, 7
Suppose 5*c + 15 - 10 = 0. List the prime factors of (c - -3)*(249 + 7).
2
Let d = 95850 + -67659. List the prime factors of d.
3, 9397
Suppose 8*p + 240 = -0. Let s = p - -177. What are the prime factors of s?
3, 7
Suppose -22*h - 1282 = -24*h. Let w = h + -391. List the prime factors of w.
2, 5
Let b = -74 - -75. What are the prime factors of 180/6*b/(3/29)?
2, 5, 29
Suppose 13*w - w - 96 = 0. Let f(u) = u**2 + 12*u - 9. Let g(l) = l + 1. Let a(s) = f(s) - g(s). List the prime factors of a(w).
2, 71
Let b(s) = 2*s**2 + 91*s - 184. List the prime factors of b(-65).
2351
Let j(l) = 2*l - 2. Let s be j(8). Let u(d) = -4*d + 9. Let k be u(s). What are the prime factors of (-2 + (-15)/(-5))/((-1)/k)?
47
Suppose -2*v = 2*b - b + 6, -3*b + 2*v = -14. Let s(a) = 23*a**2 - 20 - 14*a**2 - 7*a**2 + b*a. What are the prime factors of s(-9)?
2, 31
Let w = -235 + 250. List the prime factors of (366/w)/((-1)/(-10)).
2, 61
Suppose i = 2*q - 283, 5*i - 405 = -3*q - 0*i. Let r = q + -74. Let l = r + 3. What are the prime factors of l?
3, 23
Let b = 80 + -71. Let i be (294/(-9))/(3/b). Let v = i - -216. What are the prime factors of v?
2, 59
Suppose -3*b + 15 = 9. Let f be 5/b*15/((-60)/(-8)). Suppose -4*w - f*p = -326, 6 = 9*p - 6*p. List the prime factors of w.
79
Suppose -7*k + 26403 = -27035. What are the prime factors of k?
2, 11, 347
Let b be -2 - 0 - (2 + -3)*-3. What are the prime factors of b - ((-8 - -2) + -1379)?
2, 3, 5, 23
Let d be -4*(-11)/3*(-24)/(-16). Suppose -q + 287 = d. What are the prime factors of q?
5, 53
Let j = -886 + 557. Let q = j - -553. List the prime factors of q.
2, 7
Let b(s) = -4*s - 6*s - 2*s**2 + 3*s. Let m be b(-3). Suppose 97 = -3*o + 3*z + 343, -3*z + 240 = m*o. List the prime factors of o.
3
Let f(h) = h**3 + h**2 - 2*h + 1. Let p be f(-2). Let o be p + 0 + (4 - 2). Suppose -4*d - y + 413 = 4*y, -2*d = o*y - 209. List the prime factors of d.
97
Let d(v) = v**2 + 79*v - 543. List the prime factors of d(18).
3, 401
Suppose 0 = 17*x - 15*x - 4*q - 4, -3*x + q + 11 = 0. Suppose 68 = -c - 54. What are the prime factors of c/((-4)/x*2)?
61
What are the prime factors of -4 - (1*6125/(-14) - 2/4)?
2, 7, 31
List the prime factors of 390/(-4)*(2208/230 + -38).
3, 13, 71
List the prime factors of (5/(-3))/(210/168) - 28594/(-3).
2, 5, 953
Suppose -86880 = 13*g - 18*g - 5*v, 3*v + 34757 = 2*g. List the prime factors of g.
17377
Let g(p) = -p - 1. Let r be g(-3). Suppose 4*w + j = -0*w + 13, r*w - 11 = j. What are the prime factors of -1 + 20 - (-2 - (-5 + w))?
2, 5
List the prime factors of 6/12 - 133510/(-28) - 28/(-98).
19, 251
Let w(x) be the second derivative of -56*x**3/3 - 3*x**2/2 + 5*x + 4. List the prime factors of w(-3).
3, 37
Suppose -10 = -2*s - 2*n, -3*s + n = -2*s - 13. List the prime factors of 0 - (s/((-18)/8) + 0).
2
Let r(g) = g**3 - 5*g**2 + 6*g - 9. Let n be r(3). What are the prime factors of (-2*3/n)/(2/1617)?
7, 11
Let p(m) = 91*m + 21. Let f be p(19). Suppose -7*r + 490 = -f. List the prime factors of r.
2, 5
Suppose 14*x + 250961 = 851211. List the prime factors of x.
5, 7
List the prime factors of 10/150*-5 - (1 + (-50768)/6).
2, 3, 5, 47
Let a be 21/(-7)*(-2)/6. Let l be (0 - 3) + 1 + a. List the prime factors of 20*(-10)/4*l.
2, 5
Suppose -5*r + 16 - 6 = 0. What are the prime factors of 194840/440 + r/11?
443
Let a(r) = 5*r**3 + 50*r**2 - 479*r + 45. What are the prime factors of a(16)?
67, 383
Let p = -30 + -49. Let o = p + 396. Suppose 0 = -4*l - 5*m + o, -3*m - 100 - 241 = -4*l. List the prime factors of l.
83
Let k(z) = 152*z - 241. What are the prime factors of k(12)?
1583
Let g = -147 + -158. Let j = g + 782. List the prime factors of j.
3, 53
Let x(b) = 8*b**3 + 5*b**2 - 3*b - 14. Let o be x(-3). What are the prime factors of (4 - o/(-40)) + (-1284)/(-10)?
2
Let m(p) = 302*p**3 - 4*p**2 - 2*p. What are the prime factors of m(1)?
2, 37
Suppose 33*r - 62007 - 80058 = 0. What are the prime factors of r?
3, 5, 7, 41
Suppose -3*k + 12 - 18 = 0. Let u be 10 + (-1 - 1 - -3). What are the prime factors of u - (1 - 3 - k)?
11
Suppose 0 = -3*b + 2*a + 21462, 3*a = -3*b + 9351 + 12141. What are the prime factors of b?
2, 3, 1193
What